{"id":323,"date":"2022-06-07T19:58:31","date_gmt":"2022-06-07T19:58:31","guid":{"rendered":"https:\/\/www.siau.cat\/?page_id=323"},"modified":"2023-01-16T10:43:22","modified_gmt":"2023-01-16T10:43:22","slug":"per-que-afiliar-se","status":"publish","type":"page","link":"https:\/\/www.siau.cat\/index.php\/per-que-afiliar-se\/","title":{"rendered":"Per qu\u00e8 afiliar-se?"},"content":{"rendered":"\n<p class=\"has-text-align-justify\">La ra\u00f3 m\u00e9s important de totes \u00e9s que <strong>som una excepci\u00f3 dins el m\u00f3n sindical<\/strong>, ja que sense alliberats v\u00e0rem posar en marxa el sindicat en un temps r\u00e8cord i en menys d\u2019un any de vida ens convert\u00edrem en la tercera for\u00e7a sindical m\u00e9s votada (a escala global) a les eleccions a les Juntes de Personal Docent no Universitari de les Illes Balears. Tot aix\u00f2 gr\u00e0cies sobretot al sacrifici directe de temps d\u2019oci personal o temps d\u2019estar amb la fam\u00edlia, fet que no passa amb quasi la totalitat dels sindicats que, tot i disposar d\u2019aut\u00e8ntics ex\u00e8rcits d\u2019alliberats, el seu rendiment \u00e9s insuficient o directament rid\u00edcul. Una prova m\u00e9s que es mouen per interessos personals en comptes de per vocaci\u00f3.<\/p>\n\n\n\n<p class=\"has-text-align-justify\">Una altra q\u00fcesti\u00f3 fonamental \u00e9s que <strong>no volem participar de la hipocresia<\/strong>. Nosaltres creiem fermament en qu\u00e8 hi ha d\u2019haver una correspond\u00e8ncia entre all\u00f2 que es diu i el que es fa. De qu\u00e8 serveix omplir-se la boca amb paraules com democr\u00e0cia, transpar\u00e8ncia, just\u00edcia\u2026, quan llavors es fa tot el contrari? De qu\u00e8 serveix afirmar que s\u2019est\u00e0 en contra de les agressions si despr\u00e9s es duen a terme i es defensen en nom de la &#8220;llibertat&#8221;? De qu\u00e8 serveix parlar d\u2019assemblearisme i tot seguit censurar el di\u00e0leg i la participaci\u00f3 de les bases? De qu\u00e8 serveix assistir a les meses sectorials si les decisions ja s\u2019han cuinat i ingerit abans de la seva celebraci\u00f3? Aquests i infinits exemples m\u00e9s s\u00f3n el pa de cada dia que molts docents acabem tragant, tenint plena consci\u00e8ncia de com se\u2019ns intenta prendre el p\u00e8l dia rere dia mentre les condicions sociolaborals no milloren i els de sempre continuen gaudint de nombrosos privilegis. Per aix\u00f2 cal unir forces, per una alternativa a tota aquesta farsa. Nosaltres no estem lligats de mans, no tenim interessos amb pol\u00edtics ni banquers. Nosaltres remem cap a una altra direcci\u00f3 completament distinta.&nbsp;<\/p>\n\n\n\n<p class=\"has-text-align-justify\">Un altre fet, no menys important, \u00e9s que <strong>disposem d\u2019uns serveis jur\u00eddics professionals<\/strong> amb una llarga traject\u00f2ria en causes sindicals. A m\u00e9s, a difer\u00e8ncia d\u2019altres sindicats en qu\u00e8 els seus missers nom\u00e9s estan especialitzats en dret laboral, els nostres ho estan tamb\u00e9 en dret administratiu, entre altres branques del dret. I tot aix\u00f2 amb una quota d\u2019afiliaci\u00f3 simb\u00f2lica de nom\u00e9s 35 euros anuals (desgravables, en el percentatge establert, dins la declaraci\u00f3 de renda) perqu\u00e8 el nostre objectiu no \u00e9s enriquir-nos. Tenint tamb\u00e9 ben present que nosaltres no fem distincions ni discriminacions entre afiliats per ra\u00f3 d\u2019edat o altres, per aquest motiu tots paguem la mateixa quota.<\/p>\n\n\n\n<p class=\"has-text-align-justify\">En definitiva, ser part de SIAU significa anar una passa m\u00e9s enll\u00e0 del pur bombardeig d\u2019informaci\u00f3 buida de contingut al qual alguns ens tenen tan acostumats. Perqu\u00e8 <strong>nosaltres no som un sindicat-gestoria sin\u00f3 un sindicat disposat a escoltar-te i defensar-te<\/strong>. Aquest aspecte \u00e9s irrenunciable per nosaltres. Afilia\u2019t i comproveu per tu mateix\/a, formant part d\u2019aquest nou projecte. Et convidem a sentir-te que a la fi alg\u00fa t\u2019escolta i et defensa de veres, amb fets i no de paraula! SIAU benvinguts\/des!<\/p>\n","protected":false},"excerpt":{"rendered":"<p>La ra\u00f3 m\u00e9s important de totes \u00e9s que som una excepci\u00f3 dins el m\u00f3n sindical, ja que sense alliberats v\u00e0rem posar en marxa el sindicat en un temps r\u00e8cord i en menys d\u2019un any de vida ens convert\u00edrem en la tercera for\u00e7a sindical m\u00e9s votada (a escala global) a les eleccions a les Juntes de &hellip; <\/p>\n<p class=\"link-more\"><a href=\"https:\/\/www.siau.cat\/index.php\/per-que-afiliar-se\/\" class=\"more-link\">Continua llegint <span class=\"screen-reader-text\">\u00abPer qu\u00e8 afiliar-se?\u00bb<\/span><\/a><\/p>\n","protected":false},"author":1,"featured_media":0,"parent":0,"menu_order":0,"comment_status":"closed","ping_status":"closed","template":"","meta":{"footnotes":""},"class_list":["post-323","page","type-page","status-publish","hentry"],"yoast_head":"<!-- This site is optimized with the Yoast SEO plugin v25.4 - https:\/\/yoast.com\/wordpress\/plugins\/seo\/ -->\n<title>Per qu\u00e8 afiliar-se? &#8212; SIAU - SINDICAT INDEPENDENT, AUT\u00d2NOM I UNITARI<\/title>\n<meta name=\"robots\" content=\"index, follow, max-snippet:-1, max-image-preview:large, max-video-preview:-1\" \/>\n<link rel=\"canonical\" href=\"https:\/\/www.siau.cat\/index.php\/per-que-afiliar-se\/\" \/>\n<meta property=\"og:locale\" content=\"ca_ES\" \/>\n<meta property=\"og:type\" content=\"article\" \/>\n<meta property=\"og:title\" content=\"Per qu\u00e8 afiliar-se? &#8212; SIAU - SINDICAT INDEPENDENT, AUT\u00d2NOM I UNITARI\" \/>\n<meta property=\"og:description\" content=\"La ra\u00f3 m\u00e9s important de totes \u00e9s que som una excepci\u00f3 dins el m\u00f3n sindical, ja que sense alliberats v\u00e0rem posar en marxa el sindicat en un temps r\u00e8cord i en menys d\u2019un any de vida ens convert\u00edrem en la tercera for\u00e7a sindical m\u00e9s votada (a escala global) a les eleccions a les Juntes de &hellip; Continua llegint \u00abPer qu\u00e8 afiliar-se?\u00bb\" \/>\n<meta property=\"og:url\" content=\"https:\/\/www.siau.cat\/index.php\/per-que-afiliar-se\/\" \/>\n<meta property=\"og:site_name\" content=\"SIAU - SINDICAT INDEPENDENT, AUT\u00d2NOM I UNITARI\" \/>\n<meta property=\"article:modified_time\" content=\"2023-01-16T10:43:22+00:00\" \/>\n<meta name=\"twitter:card\" content=\"summary_large_image\" \/>\n<meta name=\"twitter:label1\" content=\"Temps estimat de lectura\" \/>\n\t<meta name=\"twitter:data1\" content=\"3 minuts\" \/>\n<script type=\"application\/ld+json\" class=\"yoast-schema-graph\">{\"@context\":\"https:\/\/schema.org\",\"@graph\":[{\"@type\":\"WebPage\",\"@id\":\"https:\/\/www.siau.cat\/index.php\/per-que-afiliar-se\/\",\"url\":\"https:\/\/www.siau.cat\/index.php\/per-que-afiliar-se\/\",\"name\":\"Per qu\u00e8 afiliar-se? &#8212; SIAU - SINDICAT INDEPENDENT, AUT\u00d2NOM I UNITARI\",\"isPartOf\":{\"@id\":\"https:\/\/www.siau.cat\/#website\"},\"datePublished\":\"2022-06-07T19:58:31+00:00\",\"dateModified\":\"2023-01-16T10:43:22+00:00\",\"breadcrumb\":{\"@id\":\"https:\/\/www.siau.cat\/index.php\/per-que-afiliar-se\/#breadcrumb\"},\"inLanguage\":\"ca\",\"potentialAction\":[{\"@type\":\"ReadAction\",\"target\":[\"https:\/\/www.siau.cat\/index.php\/per-que-afiliar-se\/\"]}]},{\"@type\":\"BreadcrumbList\",\"@id\":\"https:\/\/www.siau.cat\/index.php\/per-que-afiliar-se\/#breadcrumb\",\"itemListElement\":[{\"@type\":\"ListItem\",\"position\":1,\"name\":\"Inici\",\"item\":\"https:\/\/www.siau.cat\/\"},{\"@type\":\"ListItem\",\"position\":2,\"name\":\"Per qu\u00e8 afiliar-se?\"}]},{\"@type\":\"WebSite\",\"@id\":\"https:\/\/www.siau.cat\/#website\",\"url\":\"https:\/\/www.siau.cat\/\",\"name\":\"SIAU - SINDICAT INDEPENDENT, AUT\u00d2NOM I UNITARI\",\"description\":\"Ara s&iacute; que tenim la veu\",\"publisher\":{\"@id\":\"https:\/\/www.siau.cat\/#organization\"},\"potentialAction\":[{\"@type\":\"SearchAction\",\"target\":{\"@type\":\"EntryPoint\",\"urlTemplate\":\"https:\/\/www.siau.cat\/?s={search_term_string}\"},\"query-input\":{\"@type\":\"PropertyValueSpecification\",\"valueRequired\":true,\"valueName\":\"search_term_string\"}}],\"inLanguage\":\"ca\"},{\"@type\":\"Organization\",\"@id\":\"https:\/\/www.siau.cat\/#organization\",\"name\":\"SIAU\",\"url\":\"https:\/\/www.siau.cat\/\",\"logo\":{\"@type\":\"ImageObject\",\"inLanguage\":\"ca\",\"@id\":\"https:\/\/www.siau.cat\/#\/schema\/logo\/image\/\",\"url\":\"https:\/\/www.siau.cat\/wp-content\/uploads\/2022\/03\/cropped-resized_LOGO-SIAU-5-e1652020847972.jpg\",\"contentUrl\":\"https:\/\/www.siau.cat\/wp-content\/uploads\/2022\/03\/cropped-resized_LOGO-SIAU-5-e1652020847972.jpg\",\"width\":1600,\"height\":1200,\"caption\":\"SIAU\"},\"image\":{\"@id\":\"https:\/\/www.siau.cat\/#\/schema\/logo\/image\/\"}}]}<\/script>\n<!-- \/ Yoast SEO plugin. -->","yoast_head_json":{"title":"Per qu\u00e8 afiliar-se? &#8212; SIAU - SINDICAT INDEPENDENT, AUT\u00d2NOM I UNITARI","robots":{"index":"index","follow":"follow","max-snippet":"max-snippet:-1","max-image-preview":"max-image-preview:large","max-video-preview":"max-video-preview:-1"},"canonical":"https:\/\/www.siau.cat\/index.php\/per-que-afiliar-se\/","og_locale":"ca_ES","og_type":"article","og_title":"Per qu\u00e8 afiliar-se? &#8212; SIAU - SINDICAT INDEPENDENT, AUT\u00d2NOM I UNITARI","og_description":"La ra\u00f3 m\u00e9s important de totes \u00e9s que som una excepci\u00f3 dins el m\u00f3n sindical, ja que sense alliberats v\u00e0rem posar en marxa el sindicat en un temps r\u00e8cord i en menys d\u2019un any de vida ens convert\u00edrem en la tercera for\u00e7a sindical m\u00e9s votada (a escala global) a les eleccions a les Juntes de &hellip; Continua llegint \u00abPer qu\u00e8 afiliar-se?\u00bb","og_url":"https:\/\/www.siau.cat\/index.php\/per-que-afiliar-se\/","og_site_name":"SIAU - SINDICAT INDEPENDENT, AUT\u00d2NOM I UNITARI","article_modified_time":"2023-01-16T10:43:22+00:00","twitter_card":"summary_large_image","twitter_misc":{"Temps estimat de lectura":"3 minuts"},"schema":{"@context":"https:\/\/schema.org","@graph":[{"@type":"WebPage","@id":"https:\/\/www.siau.cat\/index.php\/per-que-afiliar-se\/","url":"https:\/\/www.siau.cat\/index.php\/per-que-afiliar-se\/","name":"Per qu\u00e8 afiliar-se? &#8212; SIAU - SINDICAT INDEPENDENT, AUT\u00d2NOM I UNITARI","isPartOf":{"@id":"https:\/\/www.siau.cat\/#website"},"datePublished":"2022-06-07T19:58:31+00:00","dateModified":"2023-01-16T10:43:22+00:00","breadcrumb":{"@id":"https:\/\/www.siau.cat\/index.php\/per-que-afiliar-se\/#breadcrumb"},"inLanguage":"ca","potentialAction":[{"@type":"ReadAction","target":["https:\/\/www.siau.cat\/index.php\/per-que-afiliar-se\/"]}]},{"@type":"BreadcrumbList","@id":"https:\/\/www.siau.cat\/index.php\/per-que-afiliar-se\/#breadcrumb","itemListElement":[{"@type":"ListItem","position":1,"name":"Inici","item":"https:\/\/www.siau.cat\/"},{"@type":"ListItem","position":2,"name":"Per qu\u00e8 afiliar-se?"}]},{"@type":"WebSite","@id":"https:\/\/www.siau.cat\/#website","url":"https:\/\/www.siau.cat\/","name":"SIAU - SINDICAT INDEPENDENT, AUT\u00d2NOM I UNITARI","description":"Ara s&iacute; que tenim la veu","publisher":{"@id":"https:\/\/www.siau.cat\/#organization"},"potentialAction":[{"@type":"SearchAction","target":{"@type":"EntryPoint","urlTemplate":"https:\/\/www.siau.cat\/?s={search_term_string}"},"query-input":{"@type":"PropertyValueSpecification","valueRequired":true,"valueName":"search_term_string"}}],"inLanguage":"ca"},{"@type":"Organization","@id":"https:\/\/www.siau.cat\/#organization","name":"SIAU","url":"https:\/\/www.siau.cat\/","logo":{"@type":"ImageObject","inLanguage":"ca","@id":"https:\/\/www.siau.cat\/#\/schema\/logo\/image\/","url":"https:\/\/www.siau.cat\/wp-content\/uploads\/2022\/03\/cropped-resized_LOGO-SIAU-5-e1652020847972.jpg","contentUrl":"https:\/\/www.siau.cat\/wp-content\/uploads\/2022\/03\/cropped-resized_LOGO-SIAU-5-e1652020847972.jpg","width":1600,"height":1200,"caption":"SIAU"},"image":{"@id":"https:\/\/www.siau.cat\/#\/schema\/logo\/image\/"}}]}},"jetpack_sharing_enabled":true,"_links":{"self":[{"href":"https:\/\/www.siau.cat\/index.php\/wp-json\/wp\/v2\/pages\/323","targetHints":{"allow":["GET"]}}],"collection":[{"href":"https:\/\/www.siau.cat\/index.php\/wp-json\/wp\/v2\/pages"}],"about":[{"href":"https:\/\/www.siau.cat\/index.php\/wp-json\/wp\/v2\/types\/page"}],"author":[{"embeddable":true,"href":"https:\/\/www.siau.cat\/index.php\/wp-json\/wp\/v2\/users\/1"}],"replies":[{"embeddable":true,"href":"https:\/\/www.siau.cat\/index.php\/wp-json\/wp\/v2\/comments?post=323"}],"version-history":[{"count":12,"href":"https:\/\/www.siau.cat\/index.php\/wp-json\/wp\/v2\/pages\/323\/revisions"}],"predecessor-version":[{"id":598,"href":"https:\/\/www.siau.cat\/index.php\/wp-json\/wp\/v2\/pages\/323\/revisions\/598"}],"wp:attachment":[{"href":"https:\/\/www.siau.cat\/index.php\/wp-json\/wp\/v2\/media?parent=323"}],"curies":[{"name":"wp","href":"https:\/\/api.w.org\/{rel}","templated":true}]}}